{"id":1746,"date":"2021-01-08T15:54:41","date_gmt":"2021-01-08T15:54:41","guid":{"rendered":"https:\/\/centredentairestlaurent.ca\/covid-19-fr\/"},"modified":"2022-06-22T16:34:34","modified_gmt":"2022-06-22T16:34:34","slug":"covid-19-fr","status":"publish","type":"page","link":"https:\/\/centredentairestlaurent.ca\/en\/covid-19-fr\/","title":{"rendered":"Covid 19 Fr"},"content":{"rendered":"<div class=\"wpb-content-wrapper\">[vc_row][vc_column][vc_custom_heading text=&#8221;Notre bureau s&#8217;engage \u00e0 assurer la s\u00e9curit\u00e9 de notre \u00e9quipe et de nos patients pendant cette pand\u00e9mie. Nous continuons \u00e0 essayer de d\u00e9passer les mesures n\u00e9cessaires pour assurer une conformit\u00e9 absolue.&#8221; font_container=&#8221;tag:h4|text_align:left|color:%23a8a8a8&#8243; use_theme_fonts=&#8221;yes&#8221;][mk_divider style=&#8221;thick_solid&#8221; border_color=&#8221;#939acd&#8221;][vc_row_inner][vc_column_inner][vc_column_text css=&#8221;.vc_custom_1610121247616{margin-bottom: 0px !important;}&#8221;]\n<ul>\n<li>Les si\u00e8ges de la zone d&#8217;accueil sont espac\u00e9s pour assurer la distanciation sociale<\/li>\n<li>Un questionnaire de s\u00e9lection sera \u00e9tabli avant votre visite<\/li>\n<li>Nous vous demanderons de vous d\u00e9sinfecter les mains \u00e0 l&#8217;arriv\u00e9e et au d\u00e9part du cabinet<\/li>\n<li>Les masques doivent \u00eatre port\u00e9s \u00e0 tout moment lorsqu&#8217;ils ne sont pas assis dans la salle d&#8217;op\u00e9ration dentaire pour le traitement<\/li>\n<li>Surveillance du flux des patients pour \u00e9viter toute exposition inutile entre eux<\/li>\n<li>Des barri\u00e8res en plexiglas sont install\u00e9es \u00e0 l&#8217;accueil<\/li>\n<li>Enceintes pour les op\u00e9rateurs n\u00e9cessaires o\u00f9 sont effectu\u00e9s les services d&#8217;hygi\u00e8ne<\/li>\n<li>Toutes les zones commun\u00e9ment utilis\u00e9es ainsi que toutes les salles d&#8217;op\u00e9ration sont d\u00e9sinfect\u00e9es en continu apr\u00e8s chaque patient et tout au long de la journ\u00e9e<\/li>\n<li>Tous nos prestataires et membres de l&#8217;\u00e9quipe porteront l&#8217;EPI requis \u00e0 tous les points de contact<\/li>\n<\/ul>\n[\/vc_column_text][\/vc_column_inner][\/vc_row_inner][\/vc_column][\/vc_row][vc_row][vc_column][\/vc_column][\/vc_row]\n<\/div>","protected":false},"excerpt":{"rendered":"<p>[vc_row][vc_column][vc_custom_heading text=&#8221;Notre bureau s&#8217;engage \u00e0 assurer la s\u00e9curit\u00e9 de notre \u00e9quipe et de nos patients pendant cette pand\u00e9mie. Nous continuons \u00e0 essayer de d\u00e9passer les mesures n\u00e9cessaires pour assurer une conformit\u00e9 absolue.&#8221; font_container=&#8221;tag:h4|text_align:left|color:%23a8a8a8&#8243; use_theme_fonts=&#8221;yes&#8221;][mk_divider style=&#8221;thick_solid&#8221; border_color=&#8221;#939acd&#8221;][vc_row_inner][vc_column_inner][vc_column_text css=&#8221;.vc_custom_1610121247616{margin-bottom: 0px !important;}&#8221;] Les si\u00e8ges de la zone d&#8217;accueil sont espac\u00e9s pour assurer la distanciation sociale Un questionnaire de<\/p>\n","protected":false},"author":8,"featured_media":0,"parent":0,"menu_order":0,"comment_status":"closed","ping_status":"closed","template":"","meta":{"rs_blank_template":"","rs_page_bg_color":"","slide_template_v7":"","footnotes":""},"class_list":["post-1746","page","type-page","status-publish","hentry"],"aioseo_notices":[],"_links":{"self":[{"href":"https:\/\/centredentairestlaurent.ca\/en\/wp-json\/wp\/v2\/pages\/1746","targetHints":{"allow":["GET"]}}],"collection":[{"href":"https:\/\/centredentairestlaurent.ca\/en\/wp-json\/wp\/v2\/pages"}],"about":[{"href":"https:\/\/centredentairestlaurent.ca\/en\/wp-json\/wp\/v2\/types\/page"}],"author":[{"embeddable":true,"href":"https:\/\/centredentairestlaurent.ca\/en\/wp-json\/wp\/v2\/users\/8"}],"replies":[{"embeddable":true,"href":"https:\/\/centredentairestlaurent.ca\/en\/wp-json\/wp\/v2\/comments?post=1746"}],"version-history":[{"count":0,"href":"https:\/\/centredentairestlaurent.ca\/en\/wp-json\/wp\/v2\/pages\/1746\/revisions"}],"wp:attachment":[{"href":"https:\/\/centredentairestlaurent.ca\/en\/wp-json\/wp\/v2\/media?parent=1746"}],"curies":[{"name":"wp","href":"https:\/\/api.w.org\/{rel}","templated":true}]}}

<div class="wpb-content-wrapper">[vc_row][vc_column][vc_custom_heading text=&#8221;Notre bureau s&#8217;engage à assurer la sécurité de notre équipe et de nos patients pendant cette pandémie. Nous continuons à essayer de dépasser les mesures nécessaires pour assurer une conformité absolue.&#8221; font_container=&#8221;tag:h4|text_align:left|color:%23a8a8a8&#8243; use_theme_fonts=&#8221;yes&#8221;][mk_divider style=&#8221;thick_solid&#8221; border_color=&#8221;#939acd&#8221;][vc_row_inner][vc_column_inner][vc_column_text css=&#8221;.vc_custom_1610121247616{margin-bottom: 0px !important;}&#8221;]
<ul>
<li>Les sièges de la zone d&#8217;accueil sont espacés pour assurer la distanciation sociale</li>
<li>Un questionnaire de sélection sera établi avant votre visite</li>
<li>Nous vous demanderons de vous désinfecter les mains à l&#8217;arrivée et au départ du cabinet</li>
<li>Les masques doivent être portés à tout moment lorsqu&#8217;ils ne sont pas assis dans la salle d&#8217;opération dentaire pour le traitement</li>
<li>Surveillance du flux des patients pour éviter toute exposition inutile entre eux</li>
<li>Des barrières en plexiglas sont installées à l&#8217;accueil</li>
<li>Enceintes pour les opérateurs nécessaires où sont effectués les services d&#8217;hygiène</li>
<li>Toutes les zones communément utilisées ainsi que toutes les salles d&#8217;opération sont désinfectées en continu après chaque patient et tout au long de la journée</li>
<li>Tous nos prestataires et membres de l&#8217;équipe porteront l&#8217;EPI requis à tous les points de contact</li>
</ul>
[/vc_column_text][/vc_column_inner][/vc_row_inner][/vc_column][/vc_row][vc_row][vc_column][/vc_column][/vc_row]
</div>

<p>[vc_row][vc_column][vc_custom_heading text=&#8221;Notre bureau s&#8217;engage à assurer la sécurité de notre équipe et de nos patients pendant cette pandémie. Nous continuons à essayer de dépasser les mesures nécessaires pour assurer une conformité absolue.&#8221; font_container=&#8221;tag:h4|text_align:left|color:%23a8a8a8&#8243; use_theme_fonts=&#8221;yes&#8221;][mk_divider style=&#8221;thick_solid&#8221; border_color=&#8221;#939acd&#8221;][vc_row_inner][vc_column_inner][vc_column_text css=&#8221;.vc_custom_1610121247616{margin-bottom: 0px !important;}&#8221;] Les sièges de la zone d&#8217;accueil sont espacés pour assurer la distanciation sociale Un questionnaire de</p>
